33
Suppose -35 = -2*l + 4*o - 29, -47 = -4*l + 3*o. What is the greatest common divisor of 32198 and l?
17
Let n(h) = 2*h**2 - 14*h - 55. Let f be (-6)/16 - 4150/(-400). Let r be n(f). Calculate the greatest common divisor of 80 and r.
5
Suppose 3*j + 6 = 6*j, -3*i + 3*j + 1674 = 0. Suppose -i = 137*k - 157*k. Calculate the highest common factor of k and 448.
28
Let m = 1229029 - 1228002. Let z = 17 - 4. Calculate the highest common factor of z and m.
13
Let q be (0/(-4) - 1) + (3 - -76). Suppose 0 = -8*m + 11*m - q. Let j be (-6 + 5)*(m/(-2) - 1). What is the highest common factor of j and 7?
7
Let y be 76/(-114) + 543/(-9). Let m = -200 - -115. Let v = y - m. What is the greatest common divisor of v and 120?
24
Let o be ((-1540)/77)/(0 - (-2)/(-28)). What is the greatest common divisor of 320 and o?
40
Suppose 717*k = 714*k + 2028. Let l = k + -596. Calculate the greatest common factor of l and 96.
16
Suppose 3*j + r - 84 = 0, -2*r + 66 = -j + 101. What is the highest common divisor of j and 203?
29
Let c(j) = -3*j**2 - 43*j - 42. Let f be c(-11). Suppose 7*a - 443 - f = 0. Calculate the greatest common factor of 1387 and a.
73
Let w = -14702 - -14730. Let b(o) = 47*o**2 - 2*o - 2. Let i be b(2). Calculate the greatest common divisor of w and i.
14
Let p be ((-14)/245*-7)/((-6)/(-30)). Calculate the greatest common factor of 358 and p.
2
Let c(w) = -7*w - 11. Let s be c(-5). Suppose -36 = -m - 4*z + 36, 2*m - 144 = 5*z. What is the greatest common factor of s and m?
24
Let m = -737 - -1049. Calculate the greatest common factor of 6344 and m.
104
Let v be 1/(320/(-322) - -1). Let h = -246 + 157. Let q = -66 - h. What is the greatest common factor of v and q?
23
Let q = 147 - 48. Suppose 2*i = 4*y - 128, 2633*i - 2636*i = -6. Calculate the highest common factor of q and y.
33
Suppose -39*o = -4*s - 43*o + 4204, 2*o = 2*s - 2086. Calculate the highest common factor of s and 3.
3
Suppose 2*x = 2*f - 924, 2*f - 849 - 79 = 4*x. Let z = 488 - f. Calculate the greatest common factor of z and 434.
14
Let j(m) = 2*m**2 - 47*m + 69. Let g be j(22). Suppose 4*q - 56 = 3*n, g*n = 4*q - 2*n - 64. What is the greatest common divisor of q and 13?
1
Let y = -8 - -10. Let h(j) = -2*j**3 + 2 - 5*j**y + 17*j - 11*j + j**3 + 2*j**3. Let o be h(5). Calculate the highest common factor of o and 224.
32
Suppose 184 = 4*l - a - a, -2*l + 2*a = -96. Let y be (-3 + 6 - 3)/1. Suppose y = -1682*o + 1687*o - 1760. Calculate the highest common divisor of o and l.
44
Let l(s) = 43*s + 163. Let z be l(-3). Calculate the highest common factor of z and 4454.
34
Suppose 3*f + 4*c - 25 = 0, -17*c = -18*c - 5. What is the greatest common factor of f and 4755?
15
Let t = -2148 - -2184. Calculate the highest common divisor of t and 5760.
36
Let h = 109 - 358. Let n = -234 - h. What is the greatest common factor of n and 30?
15
Suppose -3*q - x - 487 = q, 2*q - 4*x = -248. Let h = q + 124. Let w be (-10)/(-4)*(-4)/(-5). What is the highest common factor of w and h?
2
Let t = -15401 + 15410. Calculate the greatest common divisor of t and 2721.
3
Let x be -1 + 2 - -3*(-4 + 110). Let n = x + -548. Let f = n + 359. What is the highest common factor of f and 26?
26
Let c = -2949 - -3352. What is the highest common divisor of 62 and c?
31
Suppose -1555 + 3180 = y + 4*s, -4*s = 24. Calculate the greatest common factor of 17 and y.
17
Let o(q) = 79*q**2 + 20*q + 23. Let l be o(-2). Calculate the greatest common divisor of 117 and l.
13
Let o = 47 + -32. Let j = 32 - 100. Let v = j + 203. What is the highest common divisor of o and v?
15
Suppose -84 = -4*y - 20. Suppose 0 = y*u - 52 - 60. What is the greatest common factor of u and 7?
7
Suppose -22*m + 86681 - 7129 = 0. What is the greatest common factor of m and 565?
113
Let f be (9/(-12))/((-54)/16 + 3). Let t be 1/((-16)/28 + f/28). Let k be 2*t*(30/(-4) + 4). What is the greatest common divisor of k and 35?
7
Suppose -53*t + 2745 = 205*t - 75*t. Calculate the greatest common factor of t and 205.
5
Let v(a) = 19*a**2 + 4*a - 1. Suppose -7*w + 16 + 5 = 0. Let x be v(w). Calculate the greatest common factor of x and 13.
13
Suppose -5*h - 13 = 2, -b + 12 = -2*h. Suppose -5*r - b*r + 2871 = 0. Calculate the greatest common divisor of r and 58.
29
Suppose -493 = -5*q + 102. Let h be (661 + -669)*51/(-8). Calculate the highest common divisor of h and q.
17
Suppose 8*l - 2978 = -2*y, 5*l + 3*y = 2980 - 1117. What is the greatest common factor of l and 384?
12
Let m(o) be the first derivative of -3*o**2 + 4*o - 91. Suppose -2*q - 2 - 2 = 0. Let k be m(q). Calculate the greatest common divisor of k and 24.
8
Let y(q) = -q**3 + 4*q**2 + 3*q - 3. Let v = -139 + 143. Let g be y(v). Suppose 1430 = 2*l + g*l. Calculate the highest common divisor of 10 and l.
10
Let x(p) = -p**3 - 7*p**2 - 5*p - 23. Let y be x(-8). Let n = y + -57. What is the highest common factor of n and 36?
12
Let s = -1 + 1. Let l be 45/7*(-98)/(-21). Suppose g - 4*g + l = s. Calculate the highest common divisor of 25 and g.
5
Suppose 434 - 98 = 7*j. Let f be 6 - 204/30 - j/(-10). Let o(t) = t**2 + 3*t + 18. Let x be o(-5). Calculate the greatest common divisor of x and f.
4
Let c(u) = -5*u - 10. Let r be c(2). Let s(m) = -m**3 - 20*m**2 - m + 22. Let k be s(r). What is the highest common divisor of k and 252?
42
Suppose -212*a = -185950 - 3079274. Calculate the greatest common divisor of a and 102.
102
Suppose -z = 5*m + 316, 2*z + 3*z = -2*m - 131. Let c = -51 - m. Let p = c + -1. What is the greatest common factor of p and 11?
11
Suppose 2*p + 4*y - 14 = -2, 0 = 3*p - 2*y + 22. Let x be -16*1/2*8/p. Suppose o - 2*z - 13 = x, 3*o - 87 = 4*z. What is the highest common factor of 58 and o?
29
Let a = -233 + 372. Suppose 5*g = a - 19. What is the highest common factor of 300 and g?
12
Let l(g) = 3*g**2 + 2*g - 2. Let f be l(-2). Let p be (-135)/18*((-1)/5 - 1). Let c = p - -9. Calculate the highest common divisor of c and f.
6
Let h(q) = 239*q + 9580. Let r be h(0). Calculate the highest common factor of 20 and r.
20
Suppose o - 1352 = 3664. What is the highest common factor of o and 176?
88
Let w = 377 + -222. Let x be (10/(-3))/(4 - (-42)/(-9)). Calculate the highest common divisor of x and w.
5
Let a(b) = b**2 + 59*b - 1560. Let q be a(20). Calculate the greatest common divisor of 510 and q.
10
Let o = 4938 - 1460. Calculate the highest common divisor of o and 235.
47
Let r(d) = 33*d**2 + 67*d + 74. Let f be r(7). What is the highest common factor of 36 and f?
36
Let t = -16035 - -16357. Calculate the greatest common factor of 26 and t.
2
Let b(p) be the third derivative of p**6/120 + 13*p**5/60 - 5*p**4/8 - 5*p**3/2 + 181*p**2. Let h be b(-12). Calculate the greatest common factor of h and 206.
103
Let g(f) = -8*f**3 + 3*f - 2. Let i be g(2). Let h = i + 68. What is the highest common divisor of 40 and h?
8
Let y(s) = 6*s**2 + 52*s + 142. Let b be y(-8). Calculate the greatest common factor of b and 385.
55
Let f = -1 - -1. Let w = 8 - f. Let t(d) = 60*d + 2180. Let p be t(-36). Calculate the greatest common divisor of p and w.
4
Suppose 1099*c - 983*c = 1631424. Calculate the highest common divisor of 48 and c.
48
Let x = -8 - -26. Let c = 31 + 47. Let m = 90 - c. Calculate the highest common divisor of m and x.
6
Let m = 1410 + 408. Calculate the greatest common factor of 404 and m.
202
Suppose -21 = 2*q - 3*s, 2*q - 4*q - 4*s = 0. Let p be (3/(-12)*q)/(96/3712). Let h be 1311/9 - (-4)/(-6). What is the greatest common divisor of p and h?
29
Let s(k) = 88*k**2 + 7832*k + 84. Let i be s(-89). Let q(w) = 5*w - 2. Let m be q(6). What is the highest common factor of i and m?
28
Let c be ((-740)/3)/(4*(-1)/60). Calculate the greatest common factor of 60 and c.
20
Let z be (-13 + 5)*3/(-6). Suppose 4*r + 18 + 0 = t, -5*t + z*r + 74 = 0. What is the greatest common factor of t and 224?
14
Suppose 2*o = 2*t - 2*o - 3086, -4 = -2*o. Suppose 2*i - 2 = 0, -3*q + 3*i + t = 2*i. Calculate the greatest common factor of 43 and q.
43
Let n be ((4851/(-6))/(-11))/(18/24). Calculate the highest common factor of n and 16.
2
Suppose 3486 = -31*a + 34*a + 2*w, -27 = 3*w. What is the greatest common divisor of 16 and a?
16
Suppose 0 = -4*x - 3*j - 679, 7*x + 4*j = 3*x - 680. Let q = x - -241. 